8*v - 125. Calculate r(4).
3
Let t(m) = -212*m + 13142. What is t(62)?
-2
Let d(m) = -173*m + 192. Determine d(2).
-154
Let q(n) = -15*n - 65. Determine q(0).
-65
Let c(q) = -11160*q + 33471. What is c(3)?
-9
Let m(q) = 2*q**3 - 15*q**2 - 409*q - 34. Give m(-11).
-12
Let v(a) = 668*a + 31407. What is v(-47)?
11
Let a(w) = -4*w**3 - 18*w**2 + 2*w - 13. Calculate a(-7).
463
Let w(t) = -16*t**3 - 81*t**2 - 2*t - 5. What is w(-5)?
-20
Let b(s) = 112*s**3 - s**2 + 3*s - 4. Calculate b(1).
110
Let a(j) = j**3 + 6*j**2 - 2*j - 38. What is a(-5)?
-3
Let v(s) = 16*s + 631. What is v(-38)?
23
Let c(j) = j - 21. Calculate c(-2).
-23
Let i(c) = c**3 - 20*c**2 - 298*c + 25. What is i(-10)?
5
Let w(r) = 253*r - 9063. Calculate w(36).
45
Let n(f) = -f**2 - 102*f - 1627. What is n(-20)?
13
Let c(k) = -k**3 + 9*k**2 - 17*k + 52. Calculate c(7).
31
Let z(h) = -h**3 - 33*h**2 - 8*h - 274. What is z(-33)?
-10
Let h(z) = -7*z**2 - 148*z + 4. Give h(-22).
-128
Let d(s) = -18*s**2 - 14*s - 24. Determine d(6).
-756
Let l(x) = -6*x**2 - 814*x - 5166. Determine l(-129).
-6
Let a(f) = f**3 - 16*f**2 - 19*f - 9. Give a(17).
-43
Let o(t) = -t**3 - 129*t**2 + 130*t + 65. Calculate o(-130).
65
Let y(w) = -6*w**2 - 1831*w + 3669. Give y(2).
-17
Let s(u) = -u**3 - 12*u**2 - 16*u + 47. Give s(-10).
7
Let p(c) = 21*c**3 - c**2 - 7*c + 9. Give p(1).
22
Let z(g) = -3*g**2 + 273*g + 2384. Determine z(-8).
8
Let a(r) = -r**3 + 13*r**2 + 792*r - 8946. Give a(11).
8
Let l(o) = -783*o + 2434. Give l(3).
85
Let o(c) = -8*c**2 + 116*c + 81. What is o(15)?
21
Let s(u) = -u**3 - 87*u**2 - 327*u + 12. Give s(-4).
-8
Let f(j) = -j**3 + 8*j**2 - 12*j - 17. Calculate f(10).
-337
Let i(y) = -y**2 + 792*y - 21375. Determine i(28).
17
Let r(q) = -12*q**3 + 27*q**2 - 42*q + 82. What is r(2)?
10
Let n(j) = 9*j - 16. Calculate n(-4).
-52
Let i(j) = 3*j**2 - 43*j - 6. Determine i(14).
-20
Let g(q) = -q**3 + 19*q**2 + 218*q - 53. Determine g(27).
1
Let s(z) = z**2 - 156*z - 2569. Determine s(-15).
-4
Let o(g) = g**3 + 10*g**2 + 37*g + 57. What is o(-5)?
-3
Let l(q) = 23*q + 786. What is l(-34)?
4
Let d(j) = -97*j**2 + 489*j - 23. Calculate d(5).
-3
Let j(y) = -80*y**2 + 22*y - 51. Calculate j(2).
-327
Let s(o) = o**3 + 22*o**2 + 19*o - 6. Give s(-21).
36
Let b(g) = g**3 + 125*g**2 - 112*g + 1743. Calculate b(-126).
-21
Let c(f) = -4*f**2 + 23*f - 98. Calculate c(6).
-104
Let f(g) = 57*g - 2564. Calculate f(45).
1
Let c(o) = 2*o**2 - 5*o - 353. What is c(-12)?
-5
Let q(x) = -14*x**2 - 8*x + 49. Determine q(-6).
-407
Let t(h) = -5*h**3 - 164*h**2 + 576*h - 6. Determine t(-36).
-6
Let n(w) = 57*w - 451. Give n(8).
5
Let p(f) = -47249*f + 47247. What is p(1)?
-2
Let s(l) = 267*l + 14421. Calculate s(-54).
3
Let n(t) = t**2 - 43*t - 45. Calculate n(41).
-127
Let s(c) = 3*c**3 - 15*c**2 + 5*c - 8. What is s(2)?
-34
Let b(m) = m**2 + 56*m + 417. Give b(-10).
-43
Let p(r) = -r**3 + 54*r**2 - 51*r - 107. Give p(53).
-1
Let b(m) = -5*m**2 - 94*m - 193. Determine b(-2).
-25
Let j(x) = x**3 + 21*x**2 - 47*x - 16. What is j(-23)?
7
Let u(f) = -5*f**2 - 34*f + 28. What is u(-7)?
21
Let u(h) = 57*h + 681. Calculate u(-12).
-3
Let w(p) = -99*p - 468. What is w(-6)?
126
Let l(i) = 3*i**2 - 46*i - 302. What is l(24)?
322
Let z(w) = 61*w**2 + 2*w + 2. Determine z(-1).
61
Let h(t) = -1841*t + 33164. Give h(18).
26
Let f(b) = 2*b**2 - 24*b + 56. Calculate f(6).
-16
Let t(p) = -p**3 - 4*p**2 + 2*p - 27. What is t(-5)?
-12
Let p(u) = -2*u**3 + 59*u**2 - 32*u + 16. What is p(29)?
-71
Let h(j) = -2476*j - 39623. Give h(-16).
-7
Let c(a) = -3*a**3 + 11*a**2 + 6*a - 38. Give c(2).
-6
Let b(f) = -1059*f + 64585. Give b(61).
-14
Let d(o) = 69*o + 11. Calculate d(-1).
-58
Let w(y) = y**3 - 8*y**2 + 48*y + 17. Determine w(4).
145
Let h(b) = -2*b**3 - 60*b**2 - 56*b - 57. What is h(-29)?
-115
Let z(j) = j**3 + 21*j**2 + 77*j - 42. Give z(-16).
6
Let t(j) = 191*j + 40485. Give t(-212).
-7
Let i(r) = -10*r**3 + 7*r**2 + 4*r. Determine i(3).
-195
Let x(t) = -2*t**2 - 254*t + 770. Give x(3).
-10
Let o(u) = 2311*u - 34654. Give o(15).
11
Let c(j) = j**2 - 64*j - 914. What is c(76)?
-2
Let q(l) = -l**3 + 28*l**2 + 7*l - 176. Calculate q(28).
20
Let d(p) = 12*p - 303. Calculate d(9).
-195
Let b(o) = 3*o**2 + 3*o - 37. What is b(-5)?
23
Let w(d) = 68*d + 873. Determine w(-13).
-11
Let k(n) = n**2 - 126*n - 19759. Calculate k(217).
-12
Let s(z) = -3*z**2 + 20*z - 6. Determine s(-3).
-93
Let r(g) = -275*g - 2854. What is r(-8)?
-654
Let f(y) = -4*y**3 - y + 3. Determine f(4).
-257
Let u(j) = j**3 - 17*j**2 + 17*j - 35. What is u(4)?
-175
Let s(n) = -n**2 - 25*n - 140. Calculate s(-7).
-14
Let n(h) = -2*h**3 - 82*h**2 + 151*h - 882. What is n(-43)?
21
Let u(d) = 11*d + 30. Calculate u(7).
107
Let a(o) = 6*o**2 + 24*o - 16. What is a(-5)?
14
Let v(m) = -10*m + 209. Calculate v(17).
39
Let v(l) = 8*l**2 - 45*l - 1557. Determine v(17).
-10
Let g(f) = 281*f + 2275. Give g(-6).
589
Let z(d) = 162*d - 1418. Determine z(8).
-122
Let d(s) = s**3 + 599*s + 22. Determine d(0).
22
Let j(i) = -i**3 - 4*i**2 + 59*i + 259. Determine j(-4).
23
Let j(p) = -65*p + 91. What is j(-1)?
156
Let j(l) = -2*l**3 - 22*l**2 + 101*l + 1233. Calculate j(-9).
0
Let s(f) = f**3 + 12*f**2 + 25*f - 82. What is s(-8)?
-26
Let x(o) = -o**3 - 176*o - 530. What is x(-3)?
25
Let d(t) = 43*t**2 - t - 63. Determine d(0).
-63
Let j(b) = -131*b**2 + 58*b + 121. What is j(-2)?
-519
Let f(u) = -177*u - 1604. What is f(-9)?
-11
Let v(s) = 110*s - 9262. Give v(84).
-22
Let j(q) = -122*q + 4382. Calculate j(36).
-10
Let k(h) = 2*h**2 + 127*h - 61. Determine k(-64).
3
Let b(y) = 1833*y + 23819. Give b(-13).
-10
Let b(s) = s**3 - 11*s**2 + 7*s + 36. Calculate b(10).
6
Let s(p) = 11*p + 98. Calculate s(-18).
-100
Let i(j) = -66*j - 151. Determine i(-11).
575
Let p(n) = 7*n + 35. What is p(13)?
126
Let g(t) = 2310*t - 16162. Give g(7).
8
Let r(i) = -8*i**2 + 5*i - 30. Give r(3).
-87
Let c(i) = -23*i**2 - 198*i + 309. Give c(-10).
-11
Let f(h) = 5*h**2 - 24*h + 39. Determine f(2).
11
Let s(p) = p**3 - 8*p**2 - 18*p - 25. Determine s(9).
-106
Let g(x) = x**2 + 50*x - 868. Calculate g(14).
28
Let x(c) = 5*c**2 - 125*c + 105. Give x(24).
-15
Let f(i) = 4*i**2 + 487*i + 1304. Determine f(-119).
-5
Let j(z) = -11*z - 171. What is j(-35)?
214
Let g(r) = 5*r - 89. Give g(12).
-29
Let a(g) = 1862*g + 89373. What is a(-48)?
-3
Let y(d) = 536*d - 558. Calculate y(2).
514
Let c(t) = -42*t + 244. Give c(5).
34
Let f(x) = -x**2 + 44*x - 121. Calculate f(40).
39
Let l(b) = -b**3 - 54*b**2 + 220*b + 42. Calculate l(4).
-6
Let d(l) = -l**3 - 6*l**2 - 11*l - 25. Calculate d(-5).
5
Let j(g) = g**3 - 6*g**2 - 26*g + 71. Determine j(8).
-9
Let d(p) = -p**3 - 46*p**2 + 723*p - 2591. Give d(-59).
5
Let z(r) = 61*r - 487. Give z(10).
123
Let w(u) = -66*u - 1357. Calculate w(-21).
29
Let s(t) = 17*t - 186. Give s(35).
409
Let i(s) = -s**2 - 1470*s - 13159. Give i(-9).
-10
Let v(b) = 447*b**2 - 21904*b + 50. Calculate v(49).
1
Let x(m) = -21*m + 15. Determine x(0).
15
Let c(i) = 117*i - 57. Determine c(2).
177
Let i(d) = -13*d**2 + 30*d + 26. Determine i(3).
-1
Let d(n) = -36*n**2 - 75*n - 3. What is d(-2)?
3
Let k(h) = h**3 + 5*h**2 - 49*h - 120. Give k(-5).
125
Let o(x) = 4*x**2 - 4863*x + 29096. Calculate o(6).
62
Let v(j) = 2*j**3 - 18*j**2 + 23*j - 50. Calculate v(8).
6
Let p(k) = 136*k - 119. What is p(1)?
17
Let j(a) = 38*a + 869. What is j(-27)?
-157
Let m(q) = 66*q - 9. Determine m(2).
123
Let j(t) = -t**3 + 15*t**2 + 84*t - 7. Calculate j(-5).
73
Let u(d) = -2*d**2 - 20*d - 86. What is u(-6)?
-38
Let f(t) = -16*t**2 + 7*t + 41. Calculate f(2).
-9
Let p(a) = -a**2 + 46*a - 459. What is p(15)?
6
Let j(x) = 3*x**3 - 78*x**2 - 80*x - 33. Determine j(27).
-6
Let n(o) = -35*o + 4363. Give n(124).
23
Let z(p) = 869*p - 8779. Determine z(10).
-89
Let h(m) = -90*m + 175. Determine h(10).
-725
Let o(i) = -2*i**3 - 24*i + 10. What is o(4)?
-214
Let t(v) = v**2 - 73*v - 1528. Determine t(90).
2
Let u(l) = 3*l + 124. Give u(-26).
46
Let m(b) = -3251*b - 25976. Give m(-8).
32
Let d(u) = -22*u - 113. Give d(-18).
283
Let v(c) = 114*c + 2107. Determine v(-20).
-173
Let k(y) = -y**2 - 2*y + 1. Determine k(1).
-2
Let s(g) = -49*g + 1011. Give s(15).
276
Let d(n) = 2*n**2 + 120*n - 232. What is d(-62)?
16
Let d(u) = -u**